, 0*p + 5*p + g - 345 = 0. Suppose 0 = -5*w - p + 3. Let u = w + 23. What is the units digit of u?
0
Suppose 9 = 2*d + 21. Let y(v) = -4*v - 4*v + 5*v. What is the tens digit of y(d)?
1
Suppose -5*u + 3*o + 235 = -2*o, 0 = -5*u - 4*o + 190. Suppose 3*k = -4*k + u. What is the units digit of k?
6
Let t(s) = -83*s**3 + 2*s**2 + 3*s + 2. Let i = 108 + -109. What is the units digit of t(i)?
4
Suppose 0*s + 3 = s - 4*l, 5*s + 2*l = -51. Let n be (s/(-12))/(3/8). Let p = n + 5. What is the units digit of p?
7
Let y = 19 - -41. Suppose -16*b = -14*b - y. What is the units digit of b?
0
Let u be (-139)/(-1) + -8 + 10. Let q = -100 + u. What is the tens digit of q?
4
Let h = 3465 + -2160. What is the tens digit of h?
0
Let j = 15 + -14. Suppose 4*r - 3*y - y = -16, j = -4*r + y. What is the units digit of r?
1
Suppose -5*b - 2238 = 14*p - 15*p, -5*p - 2*b = -11298. What is the tens digit of p?
5
Let m be 0/2*(15/6 - 3). Suppose m*g - 7*g + 308 = 0. What is the tens digit of g?
4
Suppose -48 = -5*b - 18. Suppose -b*q + 5*q + 49 = -2*w, 44 = q - 3*w. What is the units digit of q?
9
Let w = 38 - 19. Suppose -17 = -c - 0. Let m = w - c. What is the units digit of m?
2
What is the hundreds digit of (184/(-115))/(4/(-10)) + 1969?
9
Suppose -3*a + 2570 = -2740. What is the hundreds digit of a?
7
Let r(s) = s**3 - 6*s**2 + 4*s - 1. Let x be r(5). Suppose 0 = 22*n - 14*n - 16. What is the tens digit of (-200)/x - n/6?
3
Suppose 2*k = -3*p + 64, -4*p + 2 = k - 40. Suppose 28*h - 34 = k*h. What is the units digit of h?
7
Let u(m) = 59. Let n(y) = -y - 59. Let h(v) = 4*n(v) + 5*u(v). What is the tens digit of h(0)?
5
Let z = -1836 - -3071. What is the thousands digit of z?
1
Let y = -40 + 61. Suppose y*q - 15*q - 156 = 0. What is the units digit of q?
6
Suppose -3*j - 198 = -m, -4*m + 3*j + 863 = 44. Suppose -2*r + 2*x = 2*r - 454, -2*r + 5*x = -m. What is the tens digit of r?
1
Let a(y) = -y + 12. Let v be a(6). Suppose 5*i + 9 = 3*k, 0 = -2*k + 3*i - 6*i + 6. Suppose k*h - 15 = v. What is the units digit of h?
7
Let y(i) = 19*i**2 - 26*i - 8. What is the thousands digit of y(-7)?
1
Let r = 8326 + -4168. What is the thousands digit of r?
4
Suppose 4*h + 0*v - 4*v - 112 = 0, -2*h + 56 = 4*v. What is the units digit of (h/10)/(8/80)?
8
Suppose 15 = 5*o, m + 3*o - 433 = -m. Suppose 3*p - 5*w = m + 211, 0 = p - 4*w - 141. What is the units digit of p?
1
Let y be (86/(-6))/((-3)/(-9)). Let p(r) = -16*r + 9. Let v be p(-5). Let t = y + v. What is the tens digit of t?
4
Let u = 16 + -14. Suppose 2*b - 46 = -2*c + 3*b, 97 = 5*c + 2*b. Suppose c = f - u*r, 3*f - 30 = -0*r - 5*r. What is the units digit of f?
5
What is the tens digit of ((-10)/(-40))/((-1)/(-5228))?
0
Let r(b) = 6*b**2 - 5*b + 3. Let l be r(2). Let j = l + -14. Suppose -5*p - 5*z + 215 = 0, 8*p - j*p = -4*z + 219. What is the units digit of p?
7
Let g(n) = 2*n**2 + 20*n + 19. Let l(h) = -h**2 - 4*h - 5. Let m be l(-6). What is the units digit of g(m)?
7
Let d(i) = -846*i**3 - 2*i**2 + 2. What is the units digit of d(-1)?
6
Suppose 2*i = 176 + 168. Suppose 4*o = 8*o - i. Let y = o + -25. What is the tens digit of y?
1
What is the tens digit of (232032/72)/((-12)/(-9))?
1
Suppose 8031 + 14103 = 17*x. What is the units digit of x?
2
Let f(h) = h**3 - 4*h**2 - 10*h - 15. Suppose 4*a = 39 - 7. What is the hundreds digit of f(a)?
1
Let j(s) = 17*s + 779. What is the tens digit of j(0)?
7
Let b = -342 + 1672. What is the units digit of b?
0
Suppose 5*c + 5 = 0, 5*w - 554 = 3*c + 554. What is the units digit of w?
1
Let r(o) = o**3 - 11*o**2 + 9*o + 9. Let d be r(10). Let y = d + -3. What is the units digit of 6 - y - (-1)/(-1)?
9
Suppose -5555 = 4*p - 9*p + h, 4*p - 4435 = -h. What is the thousands digit of p?
1
Suppose 2*h + u - 1 = 0, 6*u + 7 = -4*h + u. What is the units digit of (179 + 7)*h/6?
2
Suppose -712*u + 713*u - 272 = 0. What is the tens digit of u?
7
Let m = -505 + 697. What is the tens digit of m?
9
Suppose 4*o = 0, 0*l - 2*o + 5 = l. Suppose -11 = l*m - 1. Let n = m + 9. What is the units digit of n?
7
Let r = 264 - 255. What is the units digit of r?
9
Suppose 2*h - 5 = 13. Suppose h*y - 10*y = -5. What is the units digit of (-4)/y*-6*5?
4
Let g(a) = -a + 1. Let q be g(-2). Suppose o - q*o = -94. Suppose -6*m + o + 91 = 0. What is the tens digit of m?
2
Suppose -4656 = -u - 5*w, 0 = 2*u - 4*w + 495 - 9807. What is the units digit of u?
6
Let z = 5 - 3. Suppose -6 = -2*q - z. Suppose 5*v - 55 = d - q*d, -44 = -4*v - 3*d. What is the tens digit of v?
1
Let k = 20 + -31. Let q = 11 + k. Suppose q = -4*i - c + 113, -i - 2*c + 15 = -15. What is the tens digit of i?
2
Let j(k) = -14*k - 5. Let m(u) = 29*u + 11. Let i(y) = -9*j(y) - 4*m(y). Let c be i(-2). Let v = -7 - c. What is the units digit of v?
2
Let c = -12 - -14. Let m = 34 + c. Suppose -5*k - 87 + 29 = -3*u, -u = -5*k - m. What is the units digit of u?
1
Let c = -79 + 192. Suppose 2*p - 121 - c = 0. What is the units digit of p?
7
Let d = 119 - -584. What is the tens digit of d?
0
Suppose 0 = 4116*b - 4129*b + 3653. What is the tens digit of b?
8
Let m be 1 - 1 - (8 - (-1 - -10)). Let s be 2/6 + 46/6. Suppose -3*z = b - s*z - m, 96 = 4*b + 3*z. What is the tens digit of b?
2
Suppose -58 - 22 = -10*t. Suppose -4*g = -t*g + 164. What is the tens digit of g?
4
Let o(n) = n**2 + 22*n - 22. Let k be o(-18). Let m = -11 - k. What is the tens digit of m?
8
Suppose 192 = -5*r + u, 4*r + 3*u = -u - 168. Let z = 43 + r. What is the units digit of z?
4
Suppose -18*l + 5775 + 6411 = 0. What is the hundreds digit of l?
6
Let b(m) = m + 8. Let g be b(7). Suppose 5*t = 8*t - g. Suppose -t*n - 5*u + 185 = 0, -5*n + u + 169 = -2*u. What is the tens digit of n?
3
Suppose 3*t - 2*j = 15, -3*t - 2*j = -t. Let o = 9 + t. What is the tens digit of o?
1
Suppose 0 = -m + 25 + 9. Suppose w + m = 3*w. Suppose 2*y + w = 3*y. What is the tens digit of y?
1
Let i = -20 - 34. What is the units digit of (-1)/((-159)/i - 3)?
8
Let b(l) = l**3 - 8*l**2 - 8*l + 13. What is the units digit of b(9)?
2
Let k = -7 + 13. Let b(n) = -k - 3 - 6*n - 2 - 2. What is the units digit of b(-6)?
3
Suppose -52 = d - 226. Suppose 2*m = -4*l - 44 + d, 125 = 5*l - 5*m. What is the tens digit of l?
3
Suppose -4*h + 50 = 2*x - 28, 0 = -x + h + 24. Let o = x + -1. What is the tens digit of o + (0 - -2 - 3)?
2
Let t = 723 + 14. What is the tens digit of -1 + t/3 + 5/15?
4
Let f(z) = -5*z + 56. Let d be f(9). What is the tens digit of 194/(-3)*(8 - d)?
9
Let v(u) = 14*u**2 + 15*u - 85. What is the hundreds digit of v(-10)?
1
Let g(a) = 109*a**2 + a - 2. What is the tens digit of g(3)?
8
Suppose 612 = 15*u - 12*u. What is the tens digit of u?
0
Suppose -30*g + 281 = 1661. Let c be (-11)/(-3) - (-2)/(-3). What is the units digit of 28/42 - g/c?
6
Let i = -48 + 10. Let x = -30 - i. What is the units digit of x?
8
Let h(u) = u**2 + 51*u - 401. Let y be h(7). Let d = -26 - -126. Suppose -4*i + 2*i + d = 2*k, -5*i = -y. What is the units digit of k?
9
Let v be (3 + 52/(-12))*-3. What is the units digit of v*1 + 255/17?
9
Let p(a) = -a - 1. Let m(y) be the first derivative of -8*y**2 - 14*y - 1. Let o(j) = -5*m(j) + 70*p(j). What is the tens digit of o(1)?
1
Let i be (-4 - -6)*(-117)/2. Let m be ((-6)/2 - i)/2. Suppose -3*r - 24 = -m. What is the units digit of r?
1
Let a = 1117 + -405. What is the units digit of a?
2
Let n be 0/2 - 36/1. Let s = 25 - n. Suppose 2*q = -5*h + s, -3*q + 97 = h + h. What is the units digit of q?
3
Suppose 0 = -5*u + 4*d - 2443, d + 494 = -u - 0*d. Let z = 695 + u. What is the tens digit of z?
0
Let r(j) = 5*j + 3. Let l = 1 - 6. Let w be r(l). Let h = -3 - w. What is the units digit of h?
9
Let g = -1684 - -2517. What is the units digit of g?
3
Let q = 826 - 580. What is the units digit of 6/2*q/9?
2
Suppose -12 = 3*j, -4*z + 2*z = -2*j + 4. Let r = -6 - z. Suppose r = f - 11 - 0. What is the units digit of f?
1
Suppose -5*a = -4*c + 78, -a + 46 = c + c. Suppose -2*u = t - 12, -3*u - u - 3*t = -c. Suppose -2*p = -u*p + 15. What is the units digit of p?
3
Let z(b) = -4*b**2 - 2*b - 1. Let n be z(-2). Let t = -8 - n. Suppose 4*o - 4*a - 16 = -a, -t*a - 8 = -4*o. What is the units digit of o?
7
Suppose 0 = a - 1822 + 260. What is the units digit of a?
2
Let u(o) = 13*o + 4 + 